2 + 12 + -36 + -28?
-20
14 + (-11 - (4 + 9 - 31))
21
9 + 9 + (-3 - (-1 - 4)) + -14
6
What is the value of (-1 - (33 - 24)) + -11?
-21
Evaluate (-6 + 3 - -13 - 8) + (1 - 0).
3
3 + -27 + -8 + 34
2
Calculate -16 - (8 - 23 - -4).
-5
Evaluate (15 - (43 + -14)) + (3 - 21).
-32
What is -14 + -9 + 15 - (4 + -1)?
-11
What is (-9 - (7 - 16 - (-12 - -3))) + -11?
-20
What is 1 + -17 + 83 + -64?
3
What is the value of -1 + -1 + (7 - (0 + -7 + 9))?
3
What is the value of 13 - (-40 + (-8 - -34))?
27
Calculate -8 - ((11 - 2) + (25 + -34 - 12)).
4
What is the value of 68 + -52 + -6 + 2?
12
(-17 - (15 + -34)) + 10
12
What is (0 - (6 - 1)) + (-103 - -103)?
-5
Evaluate 12 + 23 - 15 - -8.
28
14 + -2 + 7 + (-4 - 1) + -1
13
What is the value of -36 + 30 - (-1 + 4 + -7)?
-2
-2 + (4 - 6) - ((-9 - -22) + -4)
-13
Evaluate -2 - -4 - (19 + -25).
8
What is -3 - 20 - (-1 + (-18 - (5 + -18)))?
-17
Evaluate (-1 - -7) + -1 + 158 + -159.
4
Calculate -554 - -541 - (-8 - 0).
-5
What is -2 + (0 - 11 - (-164 + 139)) + -17?
-5
-8 + (16 + -39 - -19) + 37 + 2
27
What is 12 + (9 - -1) + (-9 - -7)?
20
What is the value of 1 + -7 + (7 - 2) - -33 - 9?
23
Calculate (-18 - (-1 - 9)) + -10 + -1 + 0.
-19
What is the value of (20 - -1) + 56 + -54 - 5?
18
7 + -6 + 0 - -2 - (42 + -9)
-30
Evaluate 1 - 6 - (68 - (0 + 61)).
-12
Calculate (-13 + 3 - -7 - (19 + -9)) + -3.
-16
Evaluate -5 - 2 - (22 - (-16 - -36)).
-9
Calculate 616 - 652 - (-31 + 1).
-6
Evaluate 0 + -12 + -40 + 57 + 0.
5
-3 + -8 - (4 - 10)
-5
Calculate 28 - (2 - (-18 + 14)).
22
What is 12 + -16 + 23 + 4 + -9?
14
Evaluate -6 + (26 - 15 - 4).
1
-6 - (-18 - (-2 - -12))
22
-9 + (2 - 15 - -24 - 2)
0
2 + 10 - (5 + (-11 - -11 - 13))
20
Calculate -12 - -9 - 4 - (-19 - 2).
14
Calculate 5 - 22 - (-4 + -6 - -2).
-9
Evaluate 1 + -32 + (37 + -19 - (0 - -19)).
-32
(2 - (6 + -2)) + 28 + 32 + -75
-17
What is 384 - 375 - (-1 - 5)?
15
What is 8 + -8 + -1 + 11 + 4?
14
7 - (1 + 8 - (-15 - -18))
1
What is (0 - 2) + ((7 - -8) + 4 - 6)?
11
39 + (-27 - 3) + (-1 - 13)
-5
Calculate (13 - (2 - (-8 + -5))) + (8 - -5).
11
Evaluate (-1 - 6) + (17 - (35 + -9 + -25)).
9
Calculate -4 + (-2 - (-11 - 5)).
10
What is the value of 2 - (-3 + 11) - (11 - (22 + -12))?
-7
What is the value of 1 + 15 - (13 - 24)?
27
What is 7 - 1 - (187 - 185)?
4
Calculate (-6 - -7) + 6 + 5 + 3.
15
Evaluate (7 - 9 - (-8 + 14)) + 1.
-7
What is the value of 0 - ((-4 - 1) + (1 - (2 + 5)))?
11
-18 + 0 + (-11 - (28 + -44))
-13
Evaluate -18 + (-6 - -6 - 4) + 9 - -7.
-6
What is the value of -28 - (5 + (14 - 7) + -22)?
-18
What is 1 + (-9 - 4) + (-99 - -108)?
-3
What is the value of 251 + -255 - (0 + 1)?
-5
Calculate 0 + -5 - (-32 + 65 - 38) - -8.
8
20 - ((4 - (1 - (6 - 3))) + 4)
10
Evaluate -14 - -14 - ((2 - 13) + 3).
8
(-4 - -3) + 6 + 4 + -12 + -20
-23
Calculate (-20 - -10) + 32 - 44.
-22
-28 - (-6 - (8 + (7 - 15)))
-22
What is the value of 1 - (-10 + 0) - (11 - 11)?
11
Evaluate 11 + (2 - -7) + -6 + -8.
6
What is (-12 - -6 - (-4 - (-4 - -5))) + -3?
-4
What is 15 + -5 - (-43 + 42)?
11
Calculate -11 - (10 - (11 + -2)) - 3.
-15
What is -1 - 3 - (-38 + 37 + 20)?
-23
Calculate -6 - (-11 - -16 - 10).
-1
-3 - (-10 + 1 + 38 - (2 - 3))
-33
What is the value of -2 + -13 + -4 + (12 + 0 - 4)?
-11
What is the value of (9 - 1) + 3 + 5 + -2?
14
Evaluate 1 + -3 + (-9 - 38) + 31.
-18
What is (2 - -8 - (-57 + 76)) + 1 + -15?
-23
What is 1 - (6 + (2 - ((-2 - -5) + 5)))?
1
Calculate (-30 - -24) + (3 - -7) - -11.
15
What is -8 + -8 + 7 + 1 + 10 - -17?
19
Calculate -7 + (-4 - 3 - -11) + 19 + -7.
9
Evaluate -27 + 21 + -3 + 14.
5
-8 + -3 + 1 - -9 - (4 - 1)
-4
What is (5 - 13) + 8 + 4 + 5?
9
What is 25 + (14 - 77) + 6?
-32
Calculate (-4 - 23 - 2) + (-121 - -128).
-22
Calculate (14 - ((-19 - 1) + 11)) + -11.
12
Calculate (6 - 9) + -1 + 4 - -2.
2
What is 39 + (29 - 35 - 17)?
16
What is the value of -12 - (15 - 23) - 1?
-5
-11 + 18 + (0 - 1 - -5) - 0
11
Evaluate 37 - 62 - -14 - -42.
31
What is 0 + -1 + 4 + 4 + (-8 - -2)?
1
(8 - (3 - -7)) + -9 + -1
-12
What is the value of (0 - 3 - (2 - -3)) + (30 - 20)?
2
Calculate -101 + 6 + 79 + (13 - 1).
-4
What is the value of -9 + 2 + -9 + 7 + -20?
-29
Evaluate 18 + (2 + 4 - -6) - 13.
17
Evaluate -6 + (8 + -11 + 8 - -14).
13
Calculate (2 - -7) + (-38 - (-4 - 10)) + -7.
-22
Evaluate -31 - -17 - (-1 - -7).
-20
What is -22 + -1 - (-147 + 148)?
-24
Calculate (-3 + -3 + 6 + 6 - 4) + -14.
-12
Evaluate -5 + 30 + (-31 - -28).
22
Calculate (-1 + 3 - (5 - 1)) + 0 + -1.
-3
What is (2 - -20) + (-593 - -589)?
18
5 - ((7 - -3) + 3 - 12)
4
Evaluate 7 + -20 + (-5 - (-15 + 8) - 2).
-13
Evaluate (2 - 1) + 14 + -5 + (35 - 27).
18
What is (-6 + -15 - -13 - (-6 + -3)) + -12?
-11
Calculate 9 - (9 + -2 - (22 + 3 + -12)).
15
-11 + 3 + (19 - 3) + 2
10
Calculate -1 + 8 - (-46 - -25 - 4 - -9).
23
Evaluate 1 + -32 - (0 + 0 + (23 - 30)).
-24
What is 36 - ((-3 - -34) + -12)?
17
What is the value of 6 - (1 + (-4 - -8)) - 3 - 6?
-8
Calculate (146 - 176) + (45 - -2).
17
What is 3 - -6 - (-6 - (-13 - -1) - 2)?
5
6 + 2 + (-91 - -70)
-13
What is 1 - (1 + (4 - 3)) - (-126 + 143)?
-18
Evaluate (93 - 91) + (-28 - -2) - 0.
-24
Calculate (-17 - (-8 + 15)) + 2 + (-4 - 0).
-26
What is -1 + -1 + 22 + -8 + -18?
-6
What is the value of 3 - (11 - 11) - 10?
-7
What is the value of 3 - 1 - (-12 + -2)?
16
36 - (8 + 18 + -11 + -3)
24
Calculate 3 + -2 + 6 + (-44 - -5) + 16.
-16
Evaluate (6 - (-10 - -23)) + -4 + -7 + -9.
-27
What is -175 + 162 + (-23 - -5)?
-31
Evaluate 16 - 11 - 6 - (3 - -4).
-8
Evaluate (-2 - (2 - (10 + (6 - 10)))) + -4.
-2
Evaluate -7 + 18 + -8 + -1 + -13.
-11
Calculate 5 + (-2 - -3) - 2 - (17 - 23).
10
Evaluate -2 + 25 + -12 - 9.
2
Evaluate -293 - -331 - (2 + 17).
19
Calculate -2 + (-5 + 0 + 6 - (12 + -13)).
0
42 + -1 - (773 - 796 - (1 - 35))
30
What is the value of 4 + -12 + (-15 - -1 - -43)?
21
-1 + 1 + (-1 - (2 + -5 + -2))
4
40 + (-72 - -27 - 28)
-33
Calculate -4 + (7 - -2) + (-2 - (10 + -15)).
8
-6 + -3 + 3 - (23 - 6)
-23
What is -12 + -15 + 3 + 19?
-5
What is the value of (-1 - 0 - 1) + (-58 - -6 - -44)?
-10
Evaluate -21 + (41 - -1) - (0 + 3 + 5).
13
Calculate 15 + (-6 - (18 + -3)).
-6
-30 + (-19 + 12 + -4 - -26)
-15
-23 + 49 + (-13 - 4)
9
Calculate 25 + -5 - 8 - 6.
6
Evaluate -24 + 15 + (12 - 19).
-16
Calculate -1 + (-26 - -4) + 9.
-14
11 - (9 - 0 - (-23 - -1))
-20
Evaluate 1 - -6 - (-7 + 8 + 10).
-4
(-4 + 1 - (-36 + 39)) + -24 + 20
-10
Evaluate (-4 - -3 - -8) + -16 - (9 + 1).
-19
What is the value of ((-19 - -22) + -4 - 2) + -1 + 0?
-4
What is -1 - 11 - (140 - 152)?
0
5 - (31 - 9 - 10)
-7
What is the value of 0 + (25 - 8) + -9 - 7?
1
Evaluate 3 - (-5 + -1 + -2 + (3 - -1)).
7
What is the value of -3 - ((-3 - -1) + 5 + (3 - 5))?
-4
0 + 6 - (17 + -4 - -15)
-22
Evaluate -72 + 40 + (45 - 20).
-7
What is -12 + -6 - 1 - 1?
-20
Evaluate (3 - 4 - -15 - 3) + -4 - 21.
-14
What is the value of 0 + (2 + -17 - -7) - 11?
-19
What is the value of -1 + 36 - (2927 + -2909)?
17
Evaluate 173 + -107 + (-41 - -4).
29
(3 - 2) + -124 + 115 - 12
-20
What is the value of -6 + -1 + -2 + -3 - -2 - -2?
-8
What is (-24 - -10) + 10 - 5 - (-6 + 0)?
-3
-6 + (13 + (8 - (-6 + 11)) - 6)
4
Evaluate 15 + (47 + -27 - 60).
-25
3 + -2 + (0 - (-7 + 8))
0
Evaluate -10 - (-10 + (7 - 3 - -18)).
-22
Evaluate (8 - 0) + -1225 + 1181.
-36
Calculate 2 - 7 - (7 - 5) - -11.
4
1 + -5 + 17 + (5 - -1) + -11
8
Evaluate 31 + -29 + (-9 - 1).
-8
What is 61 - 48 - (21 + -4)?
-4
What is the value of 3 + (-18 - (-11 + 5)) - 6?
-15
Evaluate -2 - (-126 - -124 - (0 + (1 - -3))).
4
3 - 0 - (2 - 10) - 0
11
What is the value of 39 + -7 + -7 + -8?
17
Calculate (-4 - 0) + (-459 - -467).
4
What is the value of (-5 - (11 + -2)) + 5?
-9
Calculate 32 - 30 - (3 - 1 - 3).
3
What is the value of 10 - (7 - 8) - 19?
-8
-4 + 26 - (-31 - -25)
28
(-4 - -3) + (6 - (0 + 11))
-6
What is 22 - (5 + 26 + -34)?
25
0 + -1 + (1 - -8) - -9
17
What is (34 - (37 + -11)) + -10?
-2
What is (-33 - (-1 - 1)) + (-1 - (10 + -17))?
-25
20 + 21 + -89 - -31
-17
Evaluate (-22 - (21 + -37)) + -17.
-23
Calculate 12 + (-6 - 10) + 9 + -7.
-2
What is the value of -4 + (7 + -14 - (-40 - -32))?
-3
What is 0 + (-29 - -13) + 9?
-7
What is 10 - ((7 - 1) + (-9 - -3) + 6)?
4
-5 - -5 - (52 + -46)
-6
What is the value of 46 + (21 - (11 + 33))?
23
Calculate (-1 - -10) + -5 + -4.
0
Calculate -37 - (-18 - 6 - -7).
-20
Evaluate